4*-1 - 312/(-3). Let s = 150 - y. Let v(t) = -2*t + 13. What is the remainder when s is divided by v(0)?
11
Suppose 37*t + 15*t - 832 = 0. Calculate the remainder when 109 is divided by t.
13
Let v(n) = 2*n**2 + 27*n + 33. Calculate the remainder when v(-20) is divided by 8.
5
Let s(q) = 3*q**3 - 3*q**2 + 1. Suppose 37 = 4*t + 3*m - 2, 0 = -2*t + m + 7. Suppose t*b - 3*b - 57 = 0. Calculate the remainder when s(3) is divided by b.
17
Let d = -183 + 262. What is the remainder when d is divided by ((-3)/(-2))/(37*29/15022)?
16
Suppose -k - 2 = 0, 4*r - 430 = -29*k + 32*k. Calculate the remainder when r is divided by 29.
19
Suppose 6*j - 35 = 31. What is the remainder when 13 is divided by j?
2
Suppose -i + 6 = -2. What is the remainder when 139 is divided by i?
3
Let g(v) = -v**2 + 33*v - 110. What is the remainder when g(13) is divided by 56?
38
Let x = -1198 + 1237. Calculate the remainder when x is divided by 14.
11
Let j = 474 - 373. Calculate the remainder when j is divided by 6.
5
Suppose 4*v + 181 = 3*p, -v - 2*v + 98 = 2*p. Suppose 0*w + 4*k = w - 31, -5*w = 5*k - p. What is the remainder when 74 is divided by w?
14
Suppose 29*m + 10*m - 3783 = 0. What is the remainder when 275 is divided by m?
81
Suppose 0 = 2*c - 0*c - 178. Let r = -719 + 749. Calculate the remainder when c is divided by r.
29
Let f be 2/(10/(-3) + 4). Suppose -c + f*c = 18. Calculate the remainder when 17 is divided by c.
8
Let t be 316/1*(-6 + 39/6). Let a = t + -149. Suppose -64 = -2*d + 4. What is the remainder when d is divided by a?
7
Let k = 207 + -109. Suppose -r - 4*u + 29 = 0, 2*r + 3*r + 2*u - 127 = 0. Calculate the remainder when k is divided by r.
23
Let r(p) = -2*p**3 + 190 + p**3 + 6*p**2 - 192 - 7*p. Let a be r(4). Suppose 4*h = 2 + 2, -25 = -u + a*h. Calculate the remainder when 51 is divided by u.
24
Suppose 5*h - 180 = -4*m, 2*h - m - 39 = 4*m. What is the remainder when 183 is divided by h?
23
Let n be (5 - -1)*(-7)/3. Let p be 16 + (-7)/(n/(-4)). Calculate the remainder when 13 is divided by (-8)/(-28) - (-94)/p.
6
Suppose -2*q + q - 4*g + 173 = 0, 0 = 2*q + 4*g - 354. Calculate the remainder when q is divided by 61.
59
Suppose -4 - 6 = -2*b. Suppose b*v = -7 + 17. Suppose -2*m + v*x = -3*x - 27, -3*x + 30 = 3*m. What is the remainder when 52 is divided by m?
8
Suppose -5*h + 6346 = 2*l, -5*l + h + 8415 = -7477. Calculate the remainder when l is divided by 20.
18
Let o(z) = z**2 - 11*z + 30. Let v be o(11). Suppose 4*j - v = -j. Calculate the remainder when 46 is divided by j.
4
Suppose p + 52 = 3*f, -p + 6*f - 5*f = 62. Let a = 40 + p. Let w = -18 - a. What is the remainder when w is divided by 4?
1
Suppose -q + 132 = 2*q. Calculate the remainder when q is divided by 10.
4
Let o = 142 - 98. Let z = o + -4. What is the remainder when z is divided by 17?
6
Let z be ((-3)/2)/((-9)/(-9720)). Calculate the remainder when 24 is divided by z/(-117) - (-2)/13.
10
Suppose 3*x = -4*o + 36, -5*o + 4*x + 17 = -28. Calculate the remainder when (-15)/(3/o + 4/(-6)) is divided by 12.
9
Let j = -19 + 4. Calculate the remainder when (1 - 0)*-57*(-8)/24 is divided by 81/15 - (-6)/j.
4
Let i be (-5)/15 - (-4)/3. Let g(u) = 6*u**3 + u**2 + 2*u - 2. What is the remainder when g(i) is divided by 152/32 - (-1)/4?
2
Let v be (8 + -1)/(1/(-26)). Let u = v + 385. What is the remainder when u is divided by 41?
39
Let a be (6/(-15))/((-1)/(-15)). Let c = a - -4. Calculate the remainder when 17 is divided by c/(-1*3/9).
5
Let a = 366 - 327. Calculate the remainder when 151 is divided by a.
34
Suppose 26*i - 980 = 19*i. Calculate the remainder when i is divided by 13.
10
Let f(t) = t**3 + 2*t**2 - 10*t - 7. Let x be f(-4). What is the remainder when 20 is divided by 11*(-1)/x*-1?
9
Calculate the remainder when 84 is divided by 708/30 - 14/(-35).
12
Suppose -4*x + 0*x + 818 = 5*v, -4*x - v = -810. Calculate the remainder when x is divided by 28.
6
Let x = 112 - 63. What is the remainder when x is divided by 10?
9
Let j be (6/(-3))/((-1)/(-91)). Let o be (j/(-35))/(1/10). Suppose 0*n - m + 16 = n, 3*n + 5*m = o. What is the remainder when n is divided by 4?
2
Suppose 5 - 7 = -2*u, 2*u = 2*t - 14. What is the remainder when 100 is divided by t?
4
Let m = -2 - -5. Let h be (0 - 60/(-9))*(-33)/(-44). Suppose -k + 14 = m*t - 2*t, t = -h*k + 26. What is the remainder when 32 is divided by t?
10
Suppose -11*a + 19*a = 352. What is the remainder when 174 is divided by a?
42
Let l = -86 - -132. Suppose -2*a - 5*i = -l, -4*a - i + 120 = -5*i. Let v = -3 - -18. Calculate the remainder when a is divided by v.
13
Let o = 227 + -208. What is the remainder when 63 is divided by o?
6
Suppose 9 + 9 = 3*u. Let t = 35 - 33. Let k(d) = 8*d - 5. What is the remainder when k(t) is divided by u?
5
Let o = -10 - -50. Suppose 0 = -99*b + 121*b - 4378. What is the remainder when b is divided by o?
39
Suppose 2*f = -4*c - 0*c + 8, -14 = -2*f + 2*c. Suppose 0 = -8*l + f*l + 8. Suppose l*d - 52 = -0*d. What is the remainder when d is divided by 8?
5
Let i = -23 + 25. Suppose i*n + 2*n - 74 = -2*m, 0 = n - 4. Suppose -4*q - 128 = -5*v, -4*v = -3*q - 74 - m. Calculate the remainder when v is divided by 16.
12
Let d(o) = -7*o**3 - 2*o**2 + 3*o - 3. Calculate the remainder when d(-3) is divided by 27.
24
Suppose 0 - 1 = -g, 3*s - 177 = 3*g. Suppose -5*j + 47 = 2*x, s = 3*x - 4*j + j. Let y = -102 + 163. Calculate the remainder when y is divided by x.
19
Calculate the remainder when ((74/(-111))/((-2)/849))/1 is divided by 71.
70
Let l(c) = c**3 - 29*c**2 + 26*c + 56. Let o be l(28). Suppose 6 = w + 2*g, 22 = 2*w - g - 0*g. Let q = w + o. What is the remainder when 35 is divided by q?
5
Let s = -818 + 821. Calculate the remainder when s is divided by 2.
1
Let q = 472 + -450. Calculate the remainder when 150 is divided by q.
18
Let h = 34 - 16. Let k = 1 - -4. Suppose 0*y + k*y = 260. What is the remainder when y is divided by h?
16
Suppose v - 2*u - 21 = 0, -58 = -2*v + u - 4. What is the remainder when 52 is divided by v?
23
Let k be 2*(6 - (0 - -4)). Suppose -y = 3*y - 4*c - 12, -16 = -k*y + 2*c. What is the remainder when y is divided by 2?
1
Calculate the remainder when ((-2)/6)/(41/(-2091)) is divided by 5.
2
Let f be 0/(1 + (-1 - -2)). Suppose 0 = 5*v + 3*g - 365, -7*v + 2*v - 4*g + 370 = f. Calculate the remainder when v is divided by 18.
16
Let l = -4 - -4. Suppose -3*d + 33 = -3*t - l*d, -2*t - 3*d = 27. What is the remainder when 21 is divided by (-2)/t - (-284)/24?
9
Suppose -113 = -11*a - 25. Let h be (-2)/(-3)*1854/12. Suppose 7 = 5*s - h. Calculate the remainder when s is divided by a.
6
What is the remainder when 4/30 + 51987/585 is divided by 19?
13
Let d(l) be the first derivative of 4*l**3/3 - 3*l**2/2 - 2*l - 1. Calculate the remainder when d(-3) is divided by -12*2/(-3)*45/24.
13
Suppose -i + 42 = 2*h + 2*i, -3*h + 2*i + 37 = 0. Let d be (-1292)/(-36) + (-5)/(-45). Calculate the remainder when h is divided by 2/((-136)/d + 4).
6
Let i = -3 - -72. Let h = 149 - i. Suppose -5*o + 125 = -4*l, 5*l - h = -5*o - 0*o. Calculate the remainder when o is divided by 8.
5
Let t = 1693 + -1565. Calculate the remainder when t is divided by 55.
18
Calculate the remainder when (1 - (-9)/6)*10 is divided by 15.
10
Suppose -2*z + 2*y - 78 = 0, -4*y - 13 = 5*z + 146. Let c = z + 53. Calculate the remainder when 33 is divided by c.
15
What is the remainder when (250/6)/((-33)/(-198)) is divided by 51?
46
Let f = 182 + 202. Suppose -f = -0*x - 8*x. Calculate the remainder when x is divided by 26.
22
Let t(m) = 265*m**2 - 4*m - 1. Let j be t(-1). Suppose -27*z - j = -31*z. Let a = 34 + -11. What is the remainder when z is divided by a?
21
Suppose -1211 = -5*h + 209. What is the remainder when h is divided by 6?
2
Let p be ((-117)/(-12))/((-6)/(-16)). Suppose 2*d = p - 2. What is the remainder when 22 is divided by d?
10
Let d = -7 - -7. Suppose -3*i + 5*x = -37, i + d*x - 3*x = 7. Let h(m) = -2*m**2 + 26*m - 14. Calculate the remainder when i is divided by h(12).
9
Suppose -4*y - 7*z = -2*z - 793, -2*y + 410 = -2*z. What is the remainder when y is divided by 68?
66
Let d = 21 + -15. Let w(n) = -n**2 + 5*n - 3. Let y be w(d). Calculate the remainder when 39 is divided by (9/y)/(2/(-14)).
4
Let k = -41 - -46. 